{"id":2,"date":"2025-10-29T15:46:09","date_gmt":"2025-10-29T15:46:09","guid":{"rendered":"https:\/\/overcomed.cl\/?page_id=2"},"modified":"2025-11-09T04:08:40","modified_gmt":"2025-11-09T04:08:40","slug":"sample-page","status":"publish","type":"page","link":"https:\/\/overcomed.cl\/","title":{"rendered":"Inicio"},"content":{"rendered":"<p>[et_pb_section fb_built=\u00bb1&#8243; fullwidth=\u00bbon\u00bb _builder_version=\u00bb4.27.4&#8243; _module_preset=\u00bbdefault\u00bb global_colors_info=\u00bb{}\u00bb][et_pb_fullwidth_slider _builder_version=\u00bb4.27.4&#8243; _module_preset=\u00bbdefault\u00bb width=\u00bb100%\u00bb max_width=\u00bb100%\u00bb max_height=\u00bb384px\u00bb custom_padding=\u00bb216px|||||\u00bb custom_padding_tablet=\u00bb\u00bb custom_padding_phone=\u00bb55.2%||55.2%||true|false\u00bb custom_padding_last_edited=\u00bbon|phone\u00bb auto=\u00bbon\u00bb global_colors_info=\u00bb{}\u00bb][et_pb_slide _builder_version=\u00bb4.27.4&#8243; _module_preset=\u00bbdefault\u00bb background_image=\u00bbhttps:\/\/overcomed.cl\/wp-content\/uploads\/2025\/11\/Sillas-de-Oficina-OVERCOMED.jpg\u00bb background_enable_image=\u00bbon\u00bb background_last_edited=\u00bbon|phone\u00bb background_image_phone=\u00bbhttps:\/\/overcomed.cl\/wp-content\/uploads\/2025\/11\/1.jpg\u00bb background_enable_image_phone=\u00bbon\u00bb global_colors_info=\u00bb{}\u00bb sticky_transition=\u00bbon\u00bb][\/et_pb_slide][et_pb_slide _builder_version=\u00bb4.27.4&#8243; _module_preset=\u00bbdefault\u00bb background_image=\u00bbhttps:\/\/overcomed.cl\/wp-content\/uploads\/2025\/11\/toma-presion-muneca-2.jpg\u00bb background_enable_image=\u00bbon\u00bb background_last_edited=\u00bbon|phone\u00bb background_image_phone=\u00bbhttps:\/\/overcomed.cl\/wp-content\/uploads\/2025\/11\/2.jpg\u00bb background_enable_image_phone=\u00bbon\u00bb global_colors_info=\u00bb{}\u00bb sticky_transition=\u00bbon\u00bb][\/et_pb_slide][\/et_pb_fullwidth_slider][\/et_pb_section][et_pb_section fb_built=\u00bb1&#8243; _builder_version=\u00bb4.27.4&#8243; _module_preset=\u00bbdefault\u00bb custom_padding=\u00bb0px||0px|||\u00bb global_colors_info=\u00bb{}\u00bb][et_pb_row _builder_version=\u00bb4.27.4&#8243; _module_preset=\u00bbdefault\u00bb width=\u00bb90%\u00bb max_width=\u00bb2560px\u00bb custom_padding=\u00bb||0px|||\u00bb global_colors_info=\u00bb{}\u00bb][et_pb_column type=\u00bb4_4&#8243; _builder_version=\u00bb4.27.4&#8243; _module_preset=\u00bbdefault\u00bb global_colors_info=\u00bb{}\u00bb][et_pb_text _builder_version=\u00bb4.27.4&#8243; _module_preset=\u00bbdefault\u00bb global_colors_info=\u00bb{}\u00bb]<\/p>\n<h1>Productos destacados<\/h1>\n<p>[\/et_pb_text][et_pb_shop type=\u00bbfeatured\u00bb posts_number=\u00bb4&#8243; columns_number=\u00bb4&#8243; icon_hover_color=\u00bbRGBA(255,255,255,0)\u00bb hover_overlay_color=\u00bbRGBA(255,255,255,0)\u00bb disabled_on=\u00bboff|off|off\u00bb _builder_version=\u00bb4.27.4&#8243; _module_preset=\u00bbdefault\u00bb title_font=\u00bb|||on|||||\u00bb title_text_align=\u00bbcenter\u00bb title_font_size=\u00bb14px\u00bb global_colors_info=\u00bb{}\u00bb][\/et_pb_shop][\/et_pb_column][\/et_pb_row][\/et_pb_section][et_pb_section fb_built=\u00bb1&#8243; _builder_version=\u00bb4.27.4&#8243; _module_preset=\u00bbdefault\u00bb global_colors_info=\u00bb{}\u00bb][et_pb_row column_structure=\u00bb1_2,1_2&#8243; use_custom_gutter=\u00bbon\u00bb make_equal=\u00bbon\u00bb _builder_version=\u00bb4.27.4&#8243; _module_preset=\u00bbdefault\u00bb width=\u00bb90%\u00bb max_width=\u00bb2560px\u00bb custom_padding=\u00bb0px||0px|||\u00bb global_colors_info=\u00bb{}\u00bb][et_pb_column type=\u00bb1_2&#8243; _builder_version=\u00bb4.27.4&#8243; _module_preset=\u00bbdefault\u00bb global_colors_info=\u00bb{}\u00bb][et_pb_text _builder_version=\u00bb4.27.4&#8243; _module_preset=\u00bbdefault\u00bb global_colors_info=\u00bb{}\u00bb]<\/p>\n<h1>Ofertas del mes\u00a0<\/h1>\n<p>[\/et_pb_text][et_pb_shop type=\u00bbproduct_category\u00bb posts_number=\u00bb3&#8243; include_categories=\u00bb29&#8243; columns_number=\u00bb3&#8243; orderby=\u00bbdate\u00bb icon_hover_color=\u00bbRGBA(255,255,255,0)\u00bb hover_overlay_color=\u00bbRGBA(255,255,255,0)\u00bb _builder_version=\u00bb4.27.4&#8243; _module_preset=\u00bbdefault\u00bb global_colors_info=\u00bb{}\u00bb][\/et_pb_shop][\/et_pb_column][et_pb_column type=\u00bb1_2&#8243; _builder_version=\u00bb4.27.4&#8243; _module_preset=\u00bbdefault\u00bb use_background_color_gradient=\u00bbon\u00bb background_color_gradient_stops=\u00bbrgba(255,255,255,0) 0%|#000000 99%\u00bb background_image=\u00bbhttps:\/\/overcomed.cl\/wp-content\/uploads\/2025\/11\/ChatGPT-Image-6-nov-2025-17_04_20.png\u00bb background_blend=\u00bboverlay\u00bb custom_padding=\u00bb37%|1%|1%|1%|false|true\u00bb custom_padding_tablet=\u00bb37%|1%|1%|1%|false|true\u00bb custom_padding_phone=\u00bb68%|4%|5%|4%|false|true\u00bb custom_padding_last_edited=\u00bbon|phone\u00bb border_radii=\u00bbon|24px|24px|24px|24px\u00bb global_colors_info=\u00bb{}\u00bb][et_pb_text _builder_version=\u00bb4.27.4&#8243; _module_preset=\u00bbdefault\u00bb header_4_font=\u00bbNunito Sans|900|||||||\u00bb header_4_text_color=\u00bb#FFFFFF\u00bb header_4_font_size=\u00bb22px\u00bb custom_margin=\u00bb||10px|||\u00bb global_colors_info=\u00bb{}\u00bb]<\/p>\n<h4 style=\"text-align: right;\">ANDADOR 4 RUEDAS CON ASIENTO Y CANASTO<\/h4>\n<p>[\/et_pb_text][et_pb_button button_url=\u00bbhttps:\/\/overcomed.cl\/index.php\/producto\/andador-4-ruedas-con-asiento-y-canasto\/\u00bb button_text=\u00bbVER PRODUCTO\u00bb button_alignment=\u00bbright\u00bb _builder_version=\u00bb4.27.4&#8243; _module_preset=\u00bbdefault\u00bb custom_button=\u00bbon\u00bb button_border_width=\u00bb0px\u00bb hover_enabled=\u00bb0&#8243; global_colors_info=\u00bb{}\u00bb button_bg_color=\u00bb#dd8d1a\u00bb button_bg_enable_color=\u00bbon\u00bb sticky_enabled=\u00bb0&#8243;][\/et_pb_button][\/et_pb_column][\/et_pb_row][\/et_pb_section][et_pb_section fb_built=\u00bb1&#8243; _builder_version=\u00bb4.27.4&#8243; _module_preset=\u00bbdefault\u00bb custom_padding=\u00bb0px||0px|||\u00bb global_colors_info=\u00bb{}\u00bb][\/et_pb_section][et_pb_section fb_built=\u00bb1&#8243; _builder_version=\u00bb4.27.4&#8243; _module_preset=\u00bbdefault\u00bb background_color=\u00bb#f0f0f0&#8243; custom_margin=\u00bb0px||0px||false|false\u00bb custom_padding=\u00bb||0px||false|false\u00bb global_colors_info=\u00bb{}\u00bb][et_pb_row _builder_version=\u00bb4.27.4&#8243; _module_preset=\u00bbdefault\u00bb width=\u00bb100%\u00bb max_width=\u00bb2560px\u00bb custom_padding=\u00bb0px||0px||false|false\u00bb global_colors_info=\u00bb{}\u00bb][et_pb_column type=\u00bb4_4&#8243; _builder_version=\u00bb4.27.4&#8243; _module_preset=\u00bbdefault\u00bb global_colors_info=\u00bb{}\u00bb][et_pb_code _builder_version=\u00bb4.27.4&#8243; _module_preset=\u00bbdefault\u00bb hover_enabled=\u00bb0&#8243; global_colors_info=\u00bb{}\u00bb sticky_enabled=\u00bb0&#8243;]<!-- Propuestas de valor \u00b7 Overcomed --><!-- [et_pb_line_break_holder] --><\/p>\n<style><!-- [et_pb_line_break_holder] -->  .ocm-values{<!-- [et_pb_line_break_holder] -->    max-width:1200px;<!-- [et_pb_line_break_holder] -->    margin:0 auto 40px;<!-- [et_pb_line_break_holder] -->    padding:10px 15px;<!-- [et_pb_line_break_holder] -->    font-family:\"Noto Sans\", system-ui, -apple-system, BlinkMacSystemFont, \"Segoe UI\", sans-serif;<!-- [et_pb_line_break_holder] -->  }<!-- [et_pb_line_break_holder] --><!-- [et_pb_line_break_holder] -->  .ocm-values-title{<!-- [et_pb_line_break_holder] -->    text-align:center;<!-- [et_pb_line_break_holder] -->    margin-bottom:18px;<!-- [et_pb_line_break_holder] -->  }<!-- [et_pb_line_break_holder] -->  .ocm-values-title h2{<!-- [et_pb_line_break_holder] -->    font-size:26px;<!-- [et_pb_line_break_holder] -->    font-weight:700;<!-- [et_pb_line_break_holder] -->    margin:0 0 6px;<!-- [et_pb_line_break_holder] -->    color:#24374d;<!-- [et_pb_line_break_holder] -->  }<!-- [et_pb_line_break_holder] -->  .ocm-values-title p{<!-- [et_pb_line_break_holder] -->    margin:0;<!-- [et_pb_line_break_holder] -->    font-size:15px;<!-- [et_pb_line_break_holder] -->    color:#4b5563;<!-- [et_pb_line_break_holder] -->  }<!-- [et_pb_line_break_holder] --><!-- [et_pb_line_break_holder] -->  .ocm-values-grid{<!-- [et_pb_line_break_holder] -->    display:grid;<!-- [et_pb_line_break_holder] -->    grid-template-columns:repeat(4, minmax(0,1fr));<!-- [et_pb_line_break_holder] -->    gap:18px;<!-- [et_pb_line_break_holder] -->  }<!-- [et_pb_line_break_holder] --><!-- [et_pb_line_break_holder] -->  .ocm-value-box{<!-- [et_pb_line_break_holder] -->    background:#ffffff;<!-- [et_pb_line_break_holder] -->    border:1px solid #e5e7eb;<!-- [et_pb_line_break_holder] -->    border-radius:12px;<!-- [et_pb_line_break_holder] -->    padding:18px 16px;<!-- [et_pb_line_break_holder] -->    text-align:left;<!-- [et_pb_line_break_holder] -->    display:flex;<!-- [et_pb_line_break_holder] -->    flex-direction:column;<!-- [et_pb_line_break_holder] -->    gap:8px;<!-- [et_pb_line_break_holder] -->    box-shadow:0 4px 10px rgba(15,23,42,0.05);<!-- [et_pb_line_break_holder] -->  }<!-- [et_pb_line_break_holder] --><!-- [et_pb_line_break_holder] -->  .ocm-value-icon{<!-- [et_pb_line_break_holder] -->    width:40px;<!-- [et_pb_line_break_holder] -->    height:40px;<!-- [et_pb_line_break_holder] -->    border-radius:999px;<!-- [et_pb_line_break_holder] -->    border:1px solid #d1d5db;<!-- [et_pb_line_break_holder] -->    display:flex;<!-- [et_pb_line_break_holder] -->    align-items:center;<!-- [et_pb_line_break_holder] -->    justify-content:center;<!-- [et_pb_line_break_holder] -->    margin-bottom:4px;<!-- [et_pb_line_break_holder] -->  }<!-- [et_pb_line_break_holder] -->  .ocm-value-icon i{<!-- [et_pb_line_break_holder] -->    font-size:18px;<!-- [et_pb_line_break_holder] -->    color:#dd8d1a; \/* color corporativo *\/<!-- [et_pb_line_break_holder] -->  }<!-- [et_pb_line_break_holder] --><!-- [et_pb_line_break_holder] -->  .ocm-value-box h3{<!-- [et_pb_line_break_holder] -->    font-size:15px;<!-- [et_pb_line_break_holder] -->    font-weight:700;<!-- [et_pb_line_break_holder] -->    margin:0;<!-- [et_pb_line_break_holder] -->    color:#111827;<!-- [et_pb_line_break_holder] -->  }<!-- [et_pb_line_break_holder] --><!-- [et_pb_line_break_holder] -->  .ocm-value-box p{<!-- [et_pb_line_break_holder] -->    margin:0;<!-- [et_pb_line_break_holder] -->    font-size:13px;<!-- [et_pb_line_break_holder] -->    line-height:1.5;<!-- [et_pb_line_break_holder] -->    color:#4b5563;<!-- [et_pb_line_break_holder] -->  }<!-- [et_pb_line_break_holder] --><!-- [et_pb_line_break_holder] -->  \/* Responsive: en tablet\/m\u00f3vil 2 columnas *\/<!-- [et_pb_line_break_holder] -->  @media (max-width: 980px){<!-- [et_pb_line_break_holder] -->    .ocm-values-grid{<!-- [et_pb_line_break_holder] -->      grid-template-columns:repeat(2, minmax(0,1fr));<!-- [et_pb_line_break_holder] -->    }<!-- [et_pb_line_break_holder] -->  }<!-- [et_pb_line_break_holder] --><!-- [et_pb_line_break_holder] -->  \/* En pantallas muy peque\u00f1as 1 columna *\/<!-- [et_pb_line_break_holder] -->  @media (max-width: 600px){<!-- [et_pb_line_break_holder] -->    .ocm-values-grid{<!-- [et_pb_line_break_holder] -->      grid-template-columns:1fr;<!-- [et_pb_line_break_holder] -->    }<!-- [et_pb_line_break_holder] -->  }<!-- [et_pb_line_break_holder] --><\/style>\n<p><!-- [et_pb_line_break_holder] --><!-- [et_pb_line_break_holder] --><\/p>\n<div class=\"ocm-values\"><!-- [et_pb_line_break_holder] -->  <\/p>\n<div class=\"ocm-values-title\"><!-- [et_pb_line_break_holder] -->    <\/p>\n<h2>Por qu\u00e9 elegirnos<\/h2>\n<p><!-- [et_pb_line_break_holder] -->    <pee>Comprometidos con la salud, la seguridad y la innovaci\u00f3n en insumos m\u00e9dicos.<\/pee><!-- [et_pb_line_break_holder] -->  <\/div>\n<p><!-- [et_pb_line_break_holder] --><!-- [et_pb_line_break_holder] -->  <\/p>\n<div class=\"ocm-values-grid\"><!-- [et_pb_line_break_holder] --><!-- [et_pb_line_break_holder] -->    <!-- 1. Calidad y seguridad --><!-- [et_pb_line_break_holder] -->    <\/p>\n<article class=\"ocm-value-box\"><!-- [et_pb_line_break_holder] -->      <\/p>\n<div class=\"ocm-value-icon\"><!-- [et_pb_line_break_holder] -->        <i class=\"fa-solid fa-shield-heart\" aria-hidden=\"true\"><\/i><!-- [et_pb_line_break_holder] -->      <\/div>\n<p><!-- [et_pb_line_break_holder] -->      <\/p>\n<h3>Calidad y seguridad garantizada<\/h3>\n<p><!-- [et_pb_line_break_holder] -->      <pee>Productos m\u00e9dicos certificados, seguros y confiables para el cuidado de pacientes y la protecci\u00f3n del equipo de salud.<\/pee><!-- [et_pb_line_break_holder] -->    <\/article>\n<p><!-- [et_pb_line_break_holder] --><!-- [et_pb_line_break_holder] -->    <!-- 2. Innovaci\u00f3n --><!-- [et_pb_line_break_holder] -->    <\/p>\n<article class=\"ocm-value-box\"><!-- [et_pb_line_break_holder] -->      <\/p>\n<div class=\"ocm-value-icon\"><!-- [et_pb_line_break_holder] -->        <i class=\"fa-solid fa-flask\" aria-hidden=\"true\"><\/i><!-- [et_pb_line_break_holder] -->      <\/div>\n<p><!-- [et_pb_line_break_holder] -->      <\/p>\n<h3>Innovaci\u00f3n al servicio de la salud<\/h3>\n<p><!-- [et_pb_line_break_holder] -->      <pee>Incorporamos constantemente nuevas tecnolog\u00edas y soluciones para mejorar la atenci\u00f3n y la eficiencia cl\u00ednica.<\/pee><!-- [et_pb_line_break_holder] -->    <\/article>\n<p><!-- [et_pb_line_break_holder] --><!-- [et_pb_line_break_holder] -->    <!-- 3. Compromiso con profesionales y pacientes --><!-- [et_pb_line_break_holder] -->    <\/p>\n<article class=\"ocm-value-box\"><!-- [et_pb_line_break_holder] -->      <\/p>\n<div class=\"ocm-value-icon\"><!-- [et_pb_line_break_holder] -->        <i class=\"fa-solid fa-hand-holding-heart\" aria-hidden=\"true\"><\/i><!-- [et_pb_line_break_holder] -->      <\/div>\n<p><!-- [et_pb_line_break_holder] -->      <\/p>\n<h3>Compromiso con profesionales y pacientes<\/h3>\n<p><!-- [et_pb_line_break_holder] -->      <pee>Apoyamos el trabajo de m\u00e9dicos y equipos de salud con insumos confiables para una atenci\u00f3n segura y oportuna.<\/pee><!-- [et_pb_line_break_holder] -->    <\/article>\n<p><!-- [et_pb_line_break_holder] --><!-- [et_pb_line_break_holder] -->    <!-- 4. Variedad y disponibilidad --><!-- [et_pb_line_break_holder] -->    <\/p>\n<article class=\"ocm-value-box\"><!-- [et_pb_line_break_holder] -->      <\/p>\n<div class=\"ocm-value-icon\"><!-- [et_pb_line_break_holder] -->        <i class=\"fa-solid fa-boxes-stacked\" aria-hidden=\"true\"><\/i><!-- [et_pb_line_break_holder] -->      <\/div>\n<p><!-- [et_pb_line_break_holder] -->      <\/p>\n<h3>Amplio cat\u00e1logo y stock permanente<\/h3>\n<p><!-- [et_pb_line_break_holder] -->      <pee>Gran variedad de art\u00edculos y equipos m\u00e9dicos masivos y de especialidad, con disponibilidad y entrega oportuna.<\/pee><!-- [et_pb_line_break_holder] -->    <\/article>\n<p><!-- [et_pb_line_break_holder] --><!-- [et_pb_line_break_holder] -->  <\/div>\n<p><!-- [et_pb_line_break_holder] --><\/div>\n<p><!-- [et_pb_line_break_holder] -->[\/et_pb_code][\/et_pb_column][\/et_pb_row][\/et_pb_section]<\/p>\n","protected":false},"excerpt":{"rendered":"<p>Productos destacadosOfertas del mes\u00a0ANDADOR 4 RUEDAS CON ASIENTO Y CANASTO<\/p>\n","protected":false},"author":1,"featured_media":0,"parent":0,"menu_order":0,"comment_status":"closed","ping_status":"open","template":"","meta":{"_et_pb_use_builder":"on","_et_pb_old_content":"<!-- wp:paragraph -->\r\n<p>This is an example page. It's different from a blog post because it will stay in one place and will show up in your site navigation (in most themes). Most people start with an About page that introduces them to potential site visitors. It might say something like this:<\/p>\r\n<!-- \/wp:paragraph -->\r\n\r\n<!-- wp:quote -->\r\n<blockquote class=\"wp-block-quote\"><p>Hi there! I'm a bike messenger by day, aspiring actor by night, and this is my website. I live in Los Angeles, have a great dog named Jack, and I like pi\u00f1a coladas. (And gettin' caught in the rain.)<\/p><\/blockquote>\r\n<!-- \/wp:quote -->\r\n\r\n<!-- wp:paragraph -->\r\n<p>...or something like this:<\/p>\r\n<!-- \/wp:paragraph -->\r\n\r\n<!-- wp:quote -->\r\n<blockquote class=\"wp-block-quote\"><p>The XYZ Doohickey Company was founded in 1971, and has been providing quality doohickeys to the public ever since. Located in Gotham City, XYZ employs over 2,000 people and does all kinds of awesome things for the Gotham community.<\/p><\/blockquote>\r\n<!-- \/wp:quote -->\r\n\r\n<!-- wp:paragraph -->\r\n<p>As a new WordPress user, you should go to <a href=\"https:\/\/overcomed.cl\/wp-admin\/\">your dashboard<\/a> to delete this page and create new pages for your content. Have fun!<\/p>\r\n<!-- \/wp:paragraph -->","_et_gb_content_width":"","footnotes":""},"class_list":["post-2","page","type-page","status-publish","hentry"],"_links":{"self":[{"href":"https:\/\/overcomed.cl\/wp-json\/wp\/v2\/pages\/2","targetHints":{"allow":["GET"]}}],"collection":[{"href":"https:\/\/overcomed.cl\/wp-json\/wp\/v2\/pages"}],"about":[{"href":"https:\/\/overcomed.cl\/wp-json\/wp\/v2\/types\/page"}],"author":[{"embeddable":true,"href":"https:\/\/overcomed.cl\/wp-json\/wp\/v2\/users\/1"}],"replies":[{"embeddable":true,"href":"https:\/\/overcomed.cl\/wp-json\/wp\/v2\/comments?post=2"}],"version-history":[{"count":43,"href":"https:\/\/overcomed.cl\/wp-json\/wp\/v2\/pages\/2\/revisions"}],"predecessor-version":[{"id":747,"href":"https:\/\/overcomed.cl\/wp-json\/wp\/v2\/pages\/2\/revisions\/747"}],"wp:attachment":[{"href":"https:\/\/overcomed.cl\/wp-json\/wp\/v2\/media?parent=2"}],"curies":[{"name":"wp","href":"https:\/\/api.w.org\/{rel}","templated":true}]}}